03. Give p(-26).
-5
Let c(x) = 10102*x + 141026. Give c(-14).
-402
Let m(b) = 49*b - 474. Give m(-14).
-1160
Let t(m) = -2*m**3 - 399*m**2 + 6216*m + 2131. What is t(-214)?
-9
Let q(k) = -138*k**2 - 21320*k + 10854. Determine q(-155).
4
Let v(w) = 18113*w + 36174. Calculate v(-2).
-52
Let g(d) = d**3 - 1962*d**2 + 7870*d - 166. Determine g(4).
-14
Let h(j) = -8*j**3 - 1535*j**2 + 175*j + 1402. Give h(-192).
4666
Let r(f) = -19*f**3 + 4*f**2 - 11*f - 14. Give r(-1).
20
Let a(j) = -2*j**3 + 35*j**2 + 73*j - 999. What is a(18)?
-9
Let d(l) = -l**3 + 707*l**2 - 115062*l - 61. Determine d(254).
-61
Let c(r) = 6*r**2 - 2511*r + 10001. Determine c(4).
53
Let x(o) = -o**3 + 15721*o**2 - o + 8. Calculate x(0).
8
Let g(f) = 2195*f + 10619. Give g(-5).
-356
Let z(l) = -l**3 - 32*l**2 + 3316*l + 103387. What is z(-31)?
-370
Let u(q) = 2*q**2 - 292*q - 3315. Give u(157).
139
Let t(v) = 64*v**2 + 1358*v - 9. Calculate t(-22).
1091
Let y(l) = -135*l**3 - 309*l**2 - 6*l - 8. Determine y(-2).
-152
Let t(y) = 4*y**2 - 586*y - 370. Give t(0).
-370
Let i(b) = 108*b - 8868. Calculate i(81).
-120
Let k(g) = -42*g**2 - 1983*g + 1982. Determine k(1).
-43
Let s(z) = 14662*z + 1407544. Determine s(-96).
-8
Let y(l) = l**2 + 1709*l - 77122. Determine y(44).
10
Let z(k) = k**3 + 3*k**2 - 10511*k - 73379. Determine z(-7).
2
Let t(f) = -70*f**3 - 1188*f**2 + f - 44. Give t(-17).
517
Let t(c) = -3*c**3 + 3345*c**2 - 19963*c + 1127. Determine t(1109).
18
Let k(f) = -94*f - 43228. Calculate k(-460).
12
Let n(c) = 496*c**2 - 7429*c - 7426. Determine n(-1).
499
Let m(o) = -33*o - 2537. Give m(23).
-3296
Let q(b) = 10*b**2 - 261*b + 80. Determine q(5).
-975
Let c(n) = -3*n**3 - 154*n**2 - 461*n - 21091. Determine c(-51).
-181
Let y(p) = -7018*p + 175. Give y(0).
175
Let n(f) = 1126*f - 109224. Give n(97).
-2
Let t(v) = -1620*v**2 - 55070*v + 253. Give t(-34).
-87
Let q(d) = 11*d**2 - 574*d - 102703. Give q(-74).
9
Let x(y) = 9*y**2 + 5034*y - 44318. What is x(-568)?
-14
Let b(v) = -v**3 - 43*v**2 + 25*v + 285. What is b(-42)?
-2529
Let i(s) = -129*s + 6227. What is i(42)?
809
Let k(r) = -17*r**2 + 246*r - 39. Give k(14).
73
Let v(i) = 49652*i + 100050. Determine v(-2).
746
Let x(w) = -w**3 - 248*w**2 - 14478*w + 17334. Calculate x(-152).
6
Let d(t) = t**2 - 342*t + 9479. Determine d(28).
687
Let i(b) = 42*b + 1165. Give i(-27).
31
Let m(j) = -j**3 + 250*j**2 - 5432*j + 1801. What is m(226)?
-7
Let f(b) = -7924*b + 1529339. Calculate f(193).
7
Let z(d) = -d**3 + 169*d**2 + 662*d - 54681. What is z(171)?
39
Let v(u) = 2*u**3 + 190*u**2 + 1024*u + 97281. Calculate v(-95).
1
Let q(g) = -4*g**3 - 1410*g**2 - 2110*g - 1396. Determine q(-351).
8
Let b(o) = o**3 + 59*o**2 + 191*o - 177. Determine b(-56).
-1465
Let b(f) = -2551*f + 1795. Calculate b(1).
-756
Let f(u) = 771*u**2 - 13*u - 22. What is f(0)?
-22
Let u(h) = h**3 + 113*h**2 + 277*h - 5348. What is u(-110)?
482
Let v(o) = 291*o - 6630. Determine v(42).
5592
Let y(u) = 13*u**2 - 227*u - 3100. Determine y(-9).
-4
Let z(f) = -371*f**3 - 5*f**2 - 7*f + 20. Give z(2).
-2982
Let v(r) = -12996*r + 831744. What is v(64)?
0
Let l(q) = -15*q**2 - 1221*q + 620. Give l(-82).
-118
Let f(y) = 8624*y - 34526. What is f(4)?
-30
Let x(r) = -2*r**3 - 2*r**2 - 710*r - 1413. Calculate x(-2).
15
Let i(s) = -5*s**3 + 94*s**2 - 99*s - 48. What is i(19)?
-2290
Let g(d) = -d**3 + 316*d**2 + 3926*d + 19. Determine g(-12).
139
Let w(t) = 4*t**2 + 182*t + 2913. Calculate w(-16).
1025
Let a(r) = -r**3 + 15*r**2 + 18*r - 29. What is a(11)?
653
Let t(v) = -85914*v - 257733. Give t(-3).
9
Let b(p) = -1825*p - 2045. What is b(-1)?
-220
Let f(j) = -5*j**3 - 2*j**2 - 10*j + 25. Calculate f(2).
-43
Let o(v) = -7*v**2 - 148*v + 4080. Calculate o(-37).
-27
Let j(w) = -17039*w - 17036. Determine j(-1).
3
Let d(t) = -24*t**3 - 845*t**2 - 169*t + 216. What is d(-35)?
6
Let o(q) = -1069*q + 9393. Calculate o(10).
-1297
Let k(z) = 7323*z - 58551. Give k(8).
33
Let t(k) = -21677*k - 1257188. Determine t(-58).
78
Let z(h) = 10670*h - 160039. Determine z(15).
11
Let g(j) = -5*j**2 + 422*j - 1532. Calculate g(4).
76
Let k(j) = -36293*j + 69247053. Determine k(1908).
9
Let j(b) = -77*b**2 + 252*b - 115. Calculate j(3).
-52
Let s(n) = 487*n + 9785. Determine s(-21).
-442
Let q(l) = -12*l**2 + 271*l + 1395. Determine q(27).
-36
Let x(d) = 1718*d**2 + 2266039*d - 3946. Determine x(-1319).
11
Let p(d) = 6237*d - 255. Give p(0).
-255
Let s(w) = -7*w**2 - 607*w - 13001. Determine s(-43).
157
Let m(t) = -78*t + 76. What is m(1)?
-2
Let z(g) = -5*g**3 - 97*g**2 - 100*g - 1141. What is z(-19)?
37
Let l(v) = -v**3 + 29*v**2 - 180*v - 3. Give l(7).
-185
Let c(k) = 33114*k - 50. Give c(0).
-50
Let l(r) = r**2 + 185*r - 63699. Give l(-361).
-163
Let o(m) = 2*m**2 - 168*m - 2610. What is o(96)?
-306
Let w(m) = 2*m**3 + 39*m**2 + 637*m + 2845. Give w(-6).
-5
Let a(q) = -124*q + 10676. What is a(86)?
12
Let c(g) = -g**3 - 371*g**2 - 633*g - 97297. Give c(-370).
13
Let y(m) = -1009*m + 13226. What is y(8)?
5154
Let i(o) = -209314*o - 627947. Calculate i(-3).
-5
Let h(l) = 2*l**3 - 372*l**2 - 1912*l + 248. Calculate h(191).
-134
Let g(c) = -11*c**2 + 1595*c + 16721. Determine g(155).
-329
Let b(n) = n**3 + 443*n**2 + 3057*n + 2182. Determine b(-436).
2
Let b(y) = -17461*y - 296835. Determine b(-17).
2
Let u(d) = 48*d**2 - 10965*d + 37103. What is u(225)?
-22
Let k(b) = 245303*b + 2698343. Calculate k(-11).
10
Let l(p) = 2*p**3 + 61*p**2 + 473*p + 27573. Give l(-35).
-7
Let w(m) = 4386*m + 74214. Give w(-17).
-348
Let z(w) = 415*w + 11202. What is z(-26)?
412
Let x(c) = 49*c**2 + 564*c + 940. Determine x(-2).
8
Let v(x) = 3*x**3 + 44*x**2 + 6*x - 29. What is v(-12)?
1051
Let d(u) = -1171*u**2 + 2495*u - 3. Give d(2).
303
Let m(t) = 3*t**3 - 412*t**2 + 155*t - 2065. What is m(137)?
401
Let l(n) = -n**3 + 24*n**2 + 96*n + 739. Give l(25).
2514
Let o(s) = -286*s + 29810. What is o(106)?
-506
Let k(a) = -a**2 + 82162*a - 8534027. Give k(104).
5
Let c(t) = t**3 - 6*t**2 - 5*t - 977. Determine c(13).
141
Let m(w) = -1294*w - 49934. What is m(-38)?
-762
Let l(r) = r**3 + 135*r**2 + 1475*r - 132. Give l(-123).
-9
Let m(k) = k**3 + 3*k**2 + 430*k - 10494. Determine m(15).
6
Let f(v) = -158716*v - 27775303. Give f(-175).
-3
Let a(p) = -2*p**3 + 54*p**2 - 4678*p + 47588. Calculate a(11).
2
Let a(b) = 13*b**3 + 61*b**2 + 24*b - 14. Calculate a(-6).
-770
Let n(t) = -t**3 + 339*t**2 - 26070*t - 942. What is n(118)?
2
Let v(a) = -2*a**2 - 4182*a - 184332. Calculate v(-45).
-192
Let s(v) = 408*v**2 + 3620*v - 449. Calculate s(-9).
19
Let h(r) = -143*r + 19283. Calculate h(133).
264
Let i(t) = t**2 + 40173*t - 401825. Determine i(10).
5
Let p(f) = 5776*f - 1686637. Calculate p(292).
-45
Let o(p) = -4*p**3 - 263*p**2 + 341*p - 37. What is o(-67)?
-439
Let x(g) = 192*g**2 - 6912*g + 4. What is x(36)?
4
Let n(o) = -13*o**3 - 351*o**2 + 374*o + 113. What is n(-28)?
-167
Let d(n) = 11*n**2 - 180*n - 1134. Determine d(-7).
665
Let k(w) = 40*w**3 - 118*w**2 + 24*w - 79. Determine k(3).
11
Let g(n) = -668*n + 75757. Calculate g(123).
-6407
Let i(q) = q**3 + 34*q**2 - 742*q - 102. Give i(-49).
241
Let a(u) = -9*u**2 + 77*u + 278. Calculate a(-5).
-332
Let x(n) = 2*n**3 + 14*n**2 + 99*n + 102. Give x(-6).
-420
Let n(v) = 47*v**3 - 421*v**2 - 119*v + 1020. Give n(9).
111
Let x(c) = 3*c**3 - 47*c**2 - 60*c + 621. What is x(17)?
757
Let i(p) = -68*p**2 - 862*p - 861. Determine i(-1).
-67
Let k(i) = i**2 - 1531*i - 391174. Determine k(-223).
-32
Let c(m) = -17*m**2 + 1058*m - 1057. Give c(1).
-16
Let s(q) = -805*q**2 + 2383*q + 103. Give s(3).
7
Let w(g) = -9*g - 775. Calculate w(-48).
-343
Let g(o) = -8443*o - 84460. What is g(-10)?
-30
Let j(l) = -2*l**3 + 42*l**2 + 15*l - 106. Determine j(21).
209
Let d(z) = -z**3 + 47*z**2 + z + 769. Determine d(0).
769
Let m(z) = 10*z**2 - 512*z - 1521. Calculate m(54).
-9
Let y(g) = -1839*g**2 - 7659*g - 1207. Give y(-4).
5
Let t(q) = -q**3 + 28*q**2 + 26*q - 122. What is t(30)?
-1142
Let b(k) = k**3 + 45*k**2 - 327*k - 3875. Give b(-50).
-25
Let b(l) = -72*l**3 + 428*l**2 + 60*l - 252. Give b(6).
-36
Let p(o) = 120689*o + 121013. Calculate p(-1).
324
Let g(p) = -7*p**2 + 1936*p + 27319. Give g(-14).
-1157
Let q(x) = 18950*x - 170648. Determine q(9).
-98
Let x(t) = -3*t**3 + 132*